).
2, 3, 5
Suppose -20*q = -23*q + 5*o + 17844, 5*q = 2*o + 29721. What are the prime factors of q?
3, 7, 283
Suppose -273*r + 6112519 = 464968. List the prime factors of r.
137, 151
Suppose 261956 + 97412 = 42*x - 176888. What are the prime factors of x?
2, 3, 7, 19
Let l(j) = 12*j + 22. Let u(i) = 26*i + 45. Let v = -10 + 15. Let p(f) = v*l(f) - 2*u(f). What are the prime factors of p(5)?
2, 3, 5
Let s be 5 - 0/(-1) - (0 - -2). Suppose 0 = -s*r - 36 + 270. Let d = r + 20. List the prime factors of d.
2, 7
Suppose -58 = -26*g - 3*g. Suppose 4*q - 825 - 1575 = 0. Suppose -7*r + q = -g*r. List the prime factors of r.
2, 3, 5
Let b = 6107 - 306. List the prime factors of b.
5801
Suppose -4 = -c - 3. Let d(a) = -9*a**3 + 3*a - 2. Let t be d(c). What are the prime factors of -4*1/(t/28)?
2, 7
Let r = 651 + 60335. List the prime factors of r.
2, 30493
Suppose 21271 + 42569 = 14*f. What are the prime factors of f?
2, 3, 5, 19
Let r = 5804 - -19118. List the prime factors of r.
2, 17, 733
Let j(f) = 8*f**2 - 125*f - 2163. What are the prime factors of j(-34)?
5, 2267
Suppose 14*a - 280 = -28. Let k be a/63 + 2098/7. Suppose w = -i + 54, 4*i = -i + w + k. List the prime factors of i.
59
Let d = 47782 + -24712. What are the prime factors of d?
2, 3, 5, 769
Suppose 0 = 17*p - 14*p + 978. Let z = p - -467. List the prime factors of z.
3, 47
Suppose -2*x = 2*w - 32115 - 62537, 94670 = 2*w - 4*x. List the prime factors of w.
19, 47, 53
Let v(b) = 411*b**2 - 35*b - 196. What are the prime factors of v(-5)?
2, 3, 1709
Let j be (-2 - (-30)/9)*87*-1. Let x = j - -116. Suppose -5*n - 201 + 931 = x. What are the prime factors of n?
2, 73
Suppose 0 = -26*b + 25*b - 979 + 10624. What are the prime factors of b?
3, 5, 643
Let z(f) = 3*f**3 - 18*f**2 + 30*f + 7. List the prime factors of z(10).
11, 137
Let v(j) = j + 19. Let c be v(-8). Suppose -170 - 2030 = -c*r. Let x = r - 107. What are the prime factors of x?
3, 31
Let b = 12790 - 5099. Suppose 12889 + b = 15*a. What are the prime factors of a?
2, 7
Let x(k) = 11*k**2 - k - 2. Suppose 7*q - 6*q = -2. Let m be x(q). Let p = m + 0. List the prime factors of p.
2, 11
List the prime factors of (-2)/(-36) - (-7340095)/(-3150)*-5.
61, 191
Let h = -164 - -354. Suppose h*p - 786 = 188*p. List the prime factors of p.
3, 131
Suppose -4*l = h + 4*h - 22, -2*h - 5 = -3*l. Let c be (-3)/4 - (-6237)/12. Suppose 4*d + 2*k = 682, 6*d = l*d - 3*k + c. List the prime factors of d.
2, 3, 7
Let g(q) = -2*q + 9. Let x be g(2). Suppose 2*h = r + 776 + 173, 0 = -x*h - r + 2369. List the prime factors of h.
2, 3, 79
Suppose 0 = 2*d - 2*g - 4516, 5*d + g - 5*g = 11286. What are the prime factors of d?
2, 7, 23
Let r = -34597 - -60313. List the prime factors of r.
2, 3, 2143
What are the prime factors of (-5)/6 - 20827597/(-1218)?
17099
Let q = -135 - -135. Let h be (1 + -2)/(-7 + 8)*q. Suppose -5*v + 2*t + 524 = h, 3*v + 7*t - 330 = 3*t. List the prime factors of v.
2, 53
Let w = 43982 + -29097. What are the prime factors of w?
5, 13, 229
Suppose 34 = -3*g + 34. Suppose -2*r - j - 572 = 2*r, g = -3*r + 4*j - 448. Let u = 244 + r. List the prime factors of u.
2, 5
Let w = -2868 - -5697. List the prime factors of w.
3, 23, 41
Let c(g) = -20*g**3 - 19*g**2 - 62*g - 1. List the prime factors of c(-4).
1223
Let c be (-8)/44 + (-336)/(-33) + -3. Let l(i) = -5 - c*i + 8*i + 5*i. What are the prime factors of l(16)?
7, 13
Let i be -3 + 2 + (1 + 3 - 3). Suppose -4*o + 251 = -5*n - 2972, i = 3*n - 15. List the prime factors of o.
2, 7, 29
Let l = 5810 + -3413. List the prime factors of l.
3, 17, 47
Suppose l + 2*l - 5*d = -15, -5*l + 3 = d. Suppose -22*b + 14*b + 496 = l. List the prime factors of b.
2, 31
Let q be -12*((-4)/8 + 0). Let n(k) = k**3 + 9*k**2 - 44*k + 5. What are the prime factors of n(q)?
281
Let t = 3413 + -3391. What are the prime factors of t?
2, 11
Suppose 4*g = -80 + 40. Let o(q) = -33*q + 13. What are the prime factors of o(g)?
7
Let a = -13256 + 52270. List the prime factors of a.
2, 19507
Suppose 8*z = -18 + 66. Suppose -4*f + 6 = -z. Suppose 6*h - 171 = -f. List the prime factors of h.
2, 7
Let f = -355 + 388. Suppose f*k = 9*k + 18408. List the prime factors of k.
13, 59
Let z = 28 + -18. Suppose 5*y + 21 = -4*q + q, -4*y = -q + z. What are the prime factors of (1/q)/(113/(-112) - -1)?
2, 7
Let i be (-9993)/(-12) + (3 - 75/20). Let a = -309 + i. What are the prime factors of a?
523
Let t(i) = 6*i - 3. Let m be t(9). Suppose 165 = 2*h - m. Suppose h + 292 = 5*a. What are the prime factors of a?
2, 5
Suppose 135*c = -191*c + 266*c + 2289180. What are the prime factors of c?
38153
List the prime factors of (-1196974)/(-30) + ((-2)/24 - 1/20).
17, 2347
Let q(u) = -u**3 + 11*u**2 + 5*u - 14. Let i(r) = -r**2 - 8*r + 11. Let v be i(-8). Let k be q(v). List the prime factors of (-1)/2 + k/2.
2, 5
Let o(a) = -7*a + 19. Let v be o(2). Suppose -d + 5*r + 743 = 0, 0 = -d - d - v*r + 1471. What are the prime factors of d?
2, 3, 41
Let j(p) = -10 + 19*p + 1 - 17 - 5. What are the prime factors of j(15)?
2, 127
Suppose 5*b = 2*m + 11, -5*b + 2*m + 8 = -3*b. List the prime factors of (-35)/(-7) + (282 - b).
2, 11, 13
Let n = 3051 + 14046. List the prime factors of n.
3, 41, 139
Let n = 5265 - 4797. List the prime factors of n.
2, 3, 13
Let o(r) = 24 + 391*r**2 + 3*r + 3*r - 278*r**2. List the prime factors of o(-3).
3, 11, 31
Let r(d) = -d**3 - 4*d**2 + 13*d + 7. Let u be r(-6). Let v(a) = 86*a**3 - 4*a + 3. Let z be v(u). What are the prime factors of 8874/z - 4/10?
2, 13
Suppose -6768 = -15*f + 3*f. Suppose -5*x - 3*b + 1410 = 0, 20*x + 5*b = 22*x - f. What are the prime factors of x?
2, 3, 47
Let y(z) be the third derivative of -z**4/8 - z**3/2 - 18*z**2. Let d be y(-5). Let w = d - -81. List the prime factors of w.
3, 31
Let i(g) = 12 + 390*g**3 + 36 - 11*g**2 - 389*g**3 - 22*g. What are the prime factors of i(14)?
2, 41
Suppose 0 = 2*k - 11*k + 100454 + 4009. What are the prime factors of k?
3, 53, 73
Suppose -14 + 511 = u - 2*p, 5*p = -3*u + 1480. List the prime factors of ((-2)/(-6))/(-1*(-3)/u).
5, 11
Let m be (-2 - 1) + (-18 + 8)/(-2). Suppose 0*l = -5*l + 3*b + 410, -m*b = 2*l - 148. What are the prime factors of l?
79
Suppose 4*f = 4*d + 7*f - 10, 0 = 4*d + f - 6. Let l(j) = 109*j**2 - 6*j. What are the prime factors of l(d)?
103
Let k = -16 + 19. Suppose k*g = -0*g + 4020. List the prime factors of g.
2, 5, 67
Let m(z) = 65*z**3 - 6*z**2 + 18*z - 62. What are the prime factors of m(4)?
2, 3, 7, 97
Suppose -32*p = -99 - 29. Suppose 0 = p*y - 20 + 4, 0 = -5*v + 4*y + 6759. What are the prime factors of v?
5, 271
Let u = -52 + 50. Let m be 1/u - (-708)/(-8). What are the prime factors of (-14)/(-21) + (-15)/9*m?
149
Suppose 6217 = -5*i + u, 2*i + 230 = -2*u - 2264. Let y = 2573 + i. List the prime factors of y.
3, 443
Let k = 28 - 23. Let m(d) = -2*d + d**3 + 19*d**2 + 7 - 12*d**2 - 9*d**2. List the prime factors of m(k).
2, 3
Let c be 6/4 - 30/(-12). Let h be (-12 - -1)/(2/c). Let n = h - -53. What are the prime factors of n?
31
Let a = 49 + -65. Let h be (-48530)/(-80) - 6/a. Let t = 872 - h. List the prime factors of t.
5, 53
Let x = 184 + -178. Suppose 5*g - 3960 = -x*g. What are the prime factors of g?
2, 3, 5
Let a = -372 + 556. Let h = 486 - a. List the prime factors of h.
2, 151
What are the prime factors of ((-306)/27 + 12)/(4/274230)?
3, 5, 11, 277
Let w(q) = 50*q**2 - 27*q + 448. What are the prime factors of w(13)?
3, 7, 11, 37
Suppose -2*b = 4*s - 8, -2 = -2*b + 6. Suppose 16*x + 11*x - 4752 = s. List the prime factors of x.
2, 11
Let o(a) = 183*a + 1059. What are the prime factors of o(6)?
3, 719
Suppose -30 = 9*m + m. Let o be (m - 2 - -4)*-5. Suppose k - 6*k = -o*p + 330, 2*k = -3*p + 218. List the prime factors of p.
2, 5, 7
Let t = -223 - -221. Let s(r) be the second derivative of -r**5/10 - r**4/3 - 2*r**3/3 - 2*r**2 + r. What are the prime factors of s(t)?
2
Let n(u) = -18*u + 32. Suppose 0 = -f + b + 103, 4*f + 2*b = -b + 398. Suppose 0 = -7*w - f + 31. List the prime factors of n(w).
2, 53
Let s(o) = -62*o**3 - 5*o**2 - 31*o - 71. What are the prime factors of s(-3)?
13, 127
Let g be (3 - 22/(-6))*3/4. Suppose -18 + 8 = -g*l, 2277 = 5*i - 4*l. List the prime factors of i.
457
Let q(z) = 4*z + 45. Let